 n(c) = 1 - 7*c + 2581*c**2 + 8 + c**3 - 2586*c**2. Let t = 2 - 3. Let s be (-1)/(t + 5/6). What is n(s)?
3
Let f(i) = 7*i - 3. Let n be ((-4)/(-6))/(2/9). What is f(n)?
18
Let o be (-177)/(-9) - 8/(-6). Let i be 7/o*(8 - -1). Let f(b) = b. What is f(i)?
3
Let f(g) = g**3 - 5*g**2 - 1. Let m(q) = 2*q - 4. Let k be m(5). Suppose 5*j - 9 = -3*d, -d - k = -4*j + 8. Suppose s = -4*b - 3, 3*s + 2*b - j = 8. Give f(s).
-1
Let o be (-6)/(-9)*3/(-2). Let t(d) = 6*d**2 + 5 - 6 - 3*d**2 - d**2. Give t(o).
1
Suppose 0 = -3*u - r - 6, 5*u + r = 5*r - 27. Let j(v) = v**2 - 3*v + 3. Let o(q) = -q. Let g(i) = u*o(i) - j(i). What is g(4)?
5
Let b(v) be the first derivative of -v**3/3 - v**2/2 + 2*v - 1. Suppose -3 = 3*y, y - 5*y = 3*g - 2. Calculate b(g).
-4
Let d(z) = 3*z**2 + 9*z - 12. Let c(w) = -2*w**2 - 4*w + 6. Let b(l) = 5*c(l) + 3*d(l). Give b(4).
6
Let i(q) be the second derivative of -q**5/20 - 5*q**4/12 - q**3/2 - q - 1. Let u be (-1)/(5/4 - 1). Give i(u).
-4
Let w(t) = -2*t**3 - 2*t + 1. Let o(j) = -j + 2. Let y be o(0). Determine w(y).
-19
Let y(b) = -b + 5. Let k be y(0). Let o(d) = 4 - k*d + 5 + d**3 + 4*d**2 - 14. Calculate o(-5).
-5
Let l(r) = -2*r**2 - 27*r - 33. Let n be l(-12). Let q(a) = -6*a + 3. Give q(n).
-15
Let n(x) = x + 3. Let j be (1 - 1)*(-5)/5. Suppose j = 5*t - 3*t - 4*o - 44, -t + 21 = -3*o. Let h be (-6)/(-4)*t/(-9). Give n(h).
-1
Let c(u) = -u**3 - 5*u**2 - 2*u + 3. Let s be ((-3)/9)/(1/(-15)). Suppose 5*a - 5*h = -5, -7 = -4*a + 2*a + s*h. Calculate c(a).
-5
Let n(a) = -a + 1. Let g be -3 + 1 + 12/(-3). Let p(o) = -o**2 - 5*o. Let j be p(g). Let h be (-13)/(-3) - 4/j. Determine n(h).
-4
Let h(a) = -a. Let f = -2 - -8. Calculate h(f).
-6
Let t(q) be the first derivative of q**2/2 - 5*q - 34. Calculate t(7).
2
Suppose -4 - 4 = -m. Let r = m - 3. Let k(d) = -3 - 11*d - 389*d**2 + 10 + 3*d + 390*d**2. Give k(r).
-8
Suppose d = 5*d - 12. Let b(a) = -a**3 + 4*a**2 - 3*a + 3. Determine b(d).
3
Let t(b) be the second derivative of -2*b**3/3 - b**2/2 - 4*b. Give t(2).
-9
Let i(c) = -4*c - 25. Let t be i(-6). Let s(k) = 8*k**2 + 1. Calculate s(t).
9
Let o(q) be the third derivative of -q**5/60 - q**4/6 + 2*q**3/3 + 2*q**2. What is o(-4)?
4
Let b(o) be the second derivative of -o**4/12 + o**3 - 3*o**2 - o. Let j(x) be the first derivative of b(x). Calculate j(-5).
16
Let j(z) = -z**2 + z - 2. Let x be j(0). Let w(c) = 5*c - 1. Let s(v) = -26*v + 5. Let k(h) = 2*s(h) + 11*w(h). What is k(x)?
-7
Let l(m) = m**2 - 6*m. Suppose 0*a = -a + 15. Suppose 4*n - a = n. Determine l(n).
-5
Let i = 2 + 1. Suppose c - 24 = 4*u, c - i*u = 11 + 8. Let p(j) = j**2 - c + 8*j - 2*j**2 - 2*j + 1. Determine p(5).
2
Let h(t) = t**2 + 4*t - 5. Let j be h(1). Let p(k) = -k**2 - k - 4. What is p(j)?
-4
Let u = -5 - -9. Let w(g) = -2*g + u*g - g**2 - 5*g - 2. What is w(-3)?
-2
Let t = 29 - 24. Let l(r) be the third derivative of 0 - 1/8*r**4 - r**2 + 0*r**3 + 0*r - 1/20*r**t. Determine l(-2).
-6
Let n(u) = u**2 - 2*u - 1. Let a = -66 - -65. What is n(a)?
2
Let c(b) be the first derivative of -3*b**2/2 + 6*b + 12. Give c(6).
-12
Let c(p) = -2*p**2 - 5*p + 2. Let i(f) = f**2 + f - 1. Let s(h) = -c(h) - i(h). Calculate s(-6).
11
Suppose 4 = -2*y - 2. Let h = 5 + y. Let i(f) = 6*f**3 + 3*f**h + f + 1 - 3*f**2. Calculate i(-1).
-6
Let h = -106 + 106. Let p(n) be the second derivative of n**4/12 - 3*n**2/2 + n. What is p(h)?
-3
Let z(i) = -i + 3. Let c(y) = -1. Let x(h) = 7*c(h) + 2*z(h). Calculate x(-7).
13
Let l(m) be the first derivative of -m**2/2 + 2*m - 20. Suppose w - 3 + 9 = x, 2*x = w + 13. Let q = x + -5. Determine l(q).
0
Let p(a) = 2 + 0 - 8 + a**3 - 2*a**3 - 5*a + 8*a**2. Give p(7).
8
Let q(y) = -y**3 + 0*y**3 + 0 - 4*y**2 - 1 + 5*y. Let w = 13 - -3. Suppose 5*c = -i - 6 - w, -2*c = 4*i - 2. What is q(c)?
-1
Let t be (8/2)/((-1)/1). Let z(f) = -f**2 + f**2 + 2 - 14*f - f**2 + 10*f. Calculate z(t).
2
Let b = -49 - -40. Let c(n) = n**3 + 8*n**2 - 9*n - 11. Determine c(b).
-11
Let f(u) be the first derivative of u**4/4 - 11*u**3/3 - 6*u**2 - 5*u + 55. Give f(12).
-5
Let f(r) = -2 + r + r - r - 1. Let c(x) = -4*x**3 + 2*x**2 + 2*x + 1. Let a be c(-1). What is f(a)?
2
Let g = 7 + -2. Let y(z) be the second derivative of -z**4/12 + 11*z**3/6 - z**2/2 + 11*z. Let q(h) = h + 1. Let i(j) = g*q(j) - y(j). Give i(4).
-2
Let w(t) = 7*t - 11. Let b(d) = d. Let g(i) = -6*b(i) + w(i). Let f be (3 - 6) + 1 + 7. Determine g(f).
-6
Let r(w) = -w**2 - 5*w - 4. Suppose -3*b = -0*b + 12. Give r(b).
0
Suppose -3*m = -z + 28, -2*m - 27 = -2*z + 3*z. Let i(n) = -n + 1. Let y be i(m). Let u(v) = 0*v + 3 - y - v. Determine u(-4).
-5
Let s(v) = -4*v**2 + v + 0*v**3 + 1 - v**3 - 3*v. Suppose 24 = -p + 2*p. Let y = p + -26. Calculate s(y).
-3
Suppose -5*k + 2 = -2*l - 12, 10 = -2*l + 3*k. Let n(w) = w**3 + w**2. Calculate n(l).
-4
Let g be 4/(-3)*(-75)/5. Let w = 21 - g. Let f(n) = -n**3 - n. Give f(w).
-2
Let k(p) = 4*p**3 - 135*p + 3*p**2 - 3*p**3 + 131*p. Let x = 5 - 8. Determine k(x).
12
Let k(r) be the third derivative of -r**6/120 + r**5/15 - r**4/8 - r**3/3 - r**2. Let i = 1 - 1. Suppose -o = -5*c - 1 + 17, i = c + 3*o. Determine k(c).
-2
Let x(v) be the first derivative of 4 + 2*v + 1/2*v**2. Suppose -5*j + 19 = w, 4*j = 2*w - 4*w + 14. Give x(w).
1
Let u(m) be the first derivative of -m**5/40 + m**4/24 + m**3 + 1. Let g(s) be the third derivative of u(s). Let j be ((-4)/(-8))/(2/12). What is g(j)?
-8
Let c(a) = a**2 + 4*a - 4. Let r be (-2 - 1)*78/9. Let t = r + 22. Give c(t).
-4
Let t(w) = w - 1. Let p be 18/72 + 174/8. Let z be (3/(-6))/((-2)/16). Suppose 2*f = 5*g - p, 0 = -2*f + z*f - 8. Calculate t(g).
5
Let u(b) be the third derivative of 0 + 0*b**5 + 1/6*b**3 + b**2 + 1/24*b**4 + 0*b - 1/360*b**6. Let z(g) be the first derivative of u(g). What is z(-3)?
-8
Suppose -4*h + 6 = -4*b - 6, 3*b = -4*h + 26. Suppose -4*a - g - 3*g = -16, 4*a - b*g = 10. Let p(j) = -1 + 9 + 2*j**2 - a*j**2 + j - 1. Determine p(0).
7
Let g(n) = 1 - n + 6 - 3. Suppose -44*i = -49*i. Determine g(i).
4
Let m(o) = 3*o - 7*o + o + 6. Give m(4).
-6
Let o(i) be the second derivative of -i**3/3 - i**2 + 14*i + 2. Calculate o(-4).
6
Let t be 3 + -2 + 0/2. Let j be (-2)/2*1*t. Let b(v) = v**2 - 1. Determine b(j).
0
Suppose 8*n - 5 = 3*n, 2*l = -4*n + 20. Suppose 2*g = u - l, u - 2*g = -3*u + 26. Let k(v) = v**2 - 6*v - 4. Calculate k(u).
-4
Let l(h) = -h**2 - h - 1. Let a be (7 + 3)*-1 - -3. Let d = a + 7. Determine l(d).
-1
Let q(f) = 3*f**2 + f + 5. Let m(x) = 2*x**2 + x + 3. Let i(a) = 8*m(a) - 5*q(a). What is i(-4)?
3
Let w(z) be the first derivative of z**4/4 + z**3 - z**2 + 2*z + 20. What is w(-4)?
-6
Suppose 1 - 6 = -r. Let m(a) = -r + 6 + 4 + a. Give m(-6).
-1
Suppose -4 = -2*v - 0*v. Let h(s) = v*s - 8 + 2 - s. Let p = 8 + -3. Calculate h(p).
-1
Let u(z) = 4*z**3 + 4*z**2 + 2*z + 2. Let q(y) = -5*y**3 - 4*y**2 - 3*y - 1. Let w(g) = -3*q(g) - 4*u(g). What is w(-4)?
-9
Let y(g) = -2*g**2 + 5*g - 5. Suppose 23 = -2*t + 33. Determine y(t).
-30
Let u(z) = -4*z - 3. Let b be u(-2). Let j(s) be the third derivative of -s**4/8 + 7*s**3/6 - 4*s**2 - 7*s. Determine j(b).
-8
Let c = -37 - -43. Let t(d) = -d**3 + 5*d**2 + 3*d + 6. Determine t(c).
-12
Let b be ((-6)/4)/(3/(-4)). Let v(o) = 2*o + 2*o**3 - 2*o**b - o - 3*o**3. Determine v(1).
-2
Let d(s) = s**2 - 3*s + 12*s - 2*s**2 - 1 - 6. Let o be d(8). Let q(k) = 6*k**2 - k + 1. Calculate q(o).
6
Let a(m) = -m + 1. Let o(q) = -8*q - 13. Let l(c) = 4*c + 6. Let i(z) = 9*l(z) + 4*o(z). Let y(d) = -3*a(d) - i(d). Let h be (-6)/(1/(2 + -1)). Give y(h).
1
Let j = 35 + -11. Let b be -3 + 5/(15/j). Suppose 0 = b*q - 4*q - 3. Let m(z) = -z**3 + z**2 + 5*z - 2. Determine m(q).
-5
Let y(o) = -4*o**2 - 1. Let l = -9 + 8. Let k = 0 - l. Calculate y(k).
-5
Let d be (5/(-5))/((-3)/6). Let j(w) = 2*w + 2. Calculate j(d).
6
Let h(z) = -2*z**2 + 9*z. Let f(a) = -a**3 - 6*a**2 - 7*a - 4. Let r be f(-5). Calculate h(r).
-18
Let l = -7 + 9. Let o(y) = 22*y**2 - y**3 - 38*y**2 + 3*y + 15*y**2 - 1. What is o(l)?
-7
Let c = -67 - -63. Let z(b) = b**2 + 3*b + 2. What is z(c)?
6
Let p(j) = -2*j - 5 + 3*j - 2*j. Let m(h) be the second derivative of -h**5/4 - h**4/12 + h**2/2 - 3*h. Let k be m(1). Calculate p(k).
0
Let c(o) = o**2 + 13*o + 8. Let x(f) = 2*f**2 + 25*f + 15. L